{"id":1097,"date":"2020-10-27T20:51:58","date_gmt":"2020-10-27T19:51:58","guid":{"rendered":"https:\/\/amauryfoucart.fr\/?page_id=1097"},"modified":"2023-05-01T00:21:13","modified_gmt":"2023-04-30T22:21:13","slug":"echos","status":"publish","type":"page","link":"https:\/\/amauryfoucart.fr\/?page_id=1097","title":{"rendered":"\u00c9CHOS"},"content":{"rendered":"\t\t<div data-elementor-type=\"wp-page\" data-elementor-id=\"1097\" class=\"elementor elementor-1097\">\n\t\t\t\t\t\t<div class=\"elementor-inner\">\n\t\t\t\t<div class=\"elementor-section-wrap\">\n\t\t\t\t\t\t\t\t\t<section class=\"elementor-section elementor-top-section elementor-element elementor-element-331c479 elementor-section-boxed elementor-section-height-default elementor-section-height-default\" data-id=\"331c479\" data-element_type=\"section\">\n\t\t\t\t\t\t<div class=\"elementor-container elementor-column-gap-default\">\n\t\t\t\t\t\t\t<div class=\"elementor-row\">\n\t\t\t\t\t<div class=\"elementor-column elementor-col-100 elementor-top-column elementor-element elementor-element-98fca9b\" data-id=\"98fca9b\" data-element_type=\"column\">\n\t\t\t<div class=\"elementor-column-wrap elementor-element-populated\">\n\t\t\t\t\t\t\t<div class=\"elementor-widget-wrap\">\n\t\t\t\t\t\t<div class=\"elementor-element elementor-element-41763bd elementor-widget elementor-widget-heading\" data-id=\"41763bd\" data-element_type=\"widget\" data-widget_type=\"heading.default\">\n\t\t\t\t<div class=\"elementor-widget-container\">\n\t\t\t<h2 class=\"elementor-heading-title elementor-size-default\">\u00c9chos<\/h2>\t\t<\/div>\n\t\t\t\t<\/div>\n\t\t\t\t\t\t<\/div>\n\t\t\t\t\t<\/div>\n\t\t<\/div>\n\t\t\t\t\t\t\t\t<\/div>\n\t\t\t\t\t<\/div>\n\t\t<\/section>\n\t\t\t\t<section class=\"elementor-section elementor-top-section elementor-element elementor-element-9434670 elementor-section-boxed elementor-section-height-default elementor-section-height-default\" data-id=\"9434670\" data-element_type=\"section\">\n\t\t\t\t\t\t<div class=\"elementor-container elementor-column-gap-default\">\n\t\t\t\t\t\t\t<div class=\"elementor-row\">\n\t\t\t\t\t<div class=\"elementor-column elementor-col-16 elementor-top-column elementor-element elementor-element-e8d2e1d\" data-id=\"e8d2e1d\" data-element_type=\"column\">\n\t\t\t<div class=\"elementor-column-wrap\">\n\t\t\t\t\t\t\t<div class=\"elementor-widget-wrap\">\n\t\t\t\t\t\t\t\t<\/div>\n\t\t\t\t\t<\/div>\n\t\t<\/div>\n\t\t\t\t<div class=\"elementor-column elementor-col-66 elementor-top-column elementor-element elementor-element-591bba4\" data-id=\"591bba4\" data-element_type=\"column\">\n\t\t\t<div class=\"elementor-column-wrap elementor-element-populated\">\n\t\t\t\t\t\t\t<div class=\"elementor-widget-wrap\">\n\t\t\t\t\t\t<div class=\"elementor-element elementor-element-084a62f elementor-widget elementor-widget-text-editor\" data-id=\"084a62f\" data-element_type=\"widget\" data-widget_type=\"text-editor.default\">\n\t\t\t\t<div class=\"elementor-widget-container\">\n\t\t\t\t\t\t\t\t<div class=\"elementor-text-editor elementor-clearfix\">\n\t\t\t\t<p style=\"color: #000000; text-align: justify;\"><span style=\"font-weight: bold;\">Synopsis :<\/span><\/p><p style=\"color: #000000; text-align: justify;\">Lors d\u2019une soir\u00e9e entre \u00e9tudiants, \u00e0 mesure que les invit\u00e9s se dispersent et se confient, les ragots se r\u00e9pandent au sujet d\u2019Ily\u00e8s et J\u00e9rem&#8217;, deux amis de longue date, chez qui l\u2019on suspecte une attirance amoureuse inavou\u00e9e ou non-r\u00e9ciproque.<\/p>\t\t\t\t\t<\/div>\n\t\t\t\t\t\t<\/div>\n\t\t\t\t<\/div>\n\t\t\t\t\t\t<\/div>\n\t\t\t\t\t<\/div>\n\t\t<\/div>\n\t\t\t\t<div class=\"elementor-column elementor-col-16 elementor-top-column elementor-element elementor-element-6897e5b\" data-id=\"6897e5b\" data-element_type=\"column\">\n\t\t\t<div class=\"elementor-column-wrap\">\n\t\t\t\t\t\t\t<div class=\"elementor-widget-wrap\">\n\t\t\t\t\t\t\t\t<\/div>\n\t\t\t\t\t<\/div>\n\t\t<\/div>\n\t\t\t\t\t\t\t\t<\/div>\n\t\t\t\t\t<\/div>\n\t\t<\/section>\n\t\t\t\t<section class=\"elementor-section elementor-top-section elementor-element elementor-element-f863254 elementor-section-boxed elementor-section-height-default elementor-section-height-default\" data-id=\"f863254\" data-element_type=\"section\">\n\t\t\t\t\t\t<div class=\"elementor-container elementor-column-gap-default\">\n\t\t\t\t\t\t\t<div class=\"elementor-row\">\n\t\t\t\t\t<div class=\"elementor-column elementor-col-100 elementor-top-column elementor-element elementor-element-b59f97e\" data-id=\"b59f97e\" data-element_type=\"column\">\n\t\t\t<div class=\"elementor-column-wrap elementor-element-populated\">\n\t\t\t\t\t\t\t<div class=\"elementor-widget-wrap\">\n\t\t\t\t\t\t<div class=\"elementor-element elementor-element-e8619a6 elementor-widget elementor-widget-masonry-gt3\" data-id=\"e8619a6\" data-element_type=\"widget\" data-widget_type=\"masonry-gt3.default\">\n\t\t\t\t<div class=\"elementor-widget-container\">\n\t\t\t\t\t\t\t<div class=\"isotope_gallery_wrapper items2 hover_type1 source_gallery elementor\" data-images=\"[]\" data-settings=\"{&quot;cols&quot;:&quot;2&quot;,&quot;lightbox&quot;:true,&quot;title&quot;:false,&quot;show_category&quot;:false,&quot;source&quot;:&quot;gallery&quot;,&quot;filter&quot;:false,&quot;load_items&quot;:&quot;4&quot;,&quot;uid&quot;:956,&quot;gap_value&quot;:&quot;20&quot;,&quot;gap_unit&quot;:&quot;px&quot;}\">\r\n\t\t\t\t\t\t\t\t\t\t<div class=\"isotope_wrapper gt3_clear \" data-cols=\"2\">\r\n\t\t\t\t\t\t<div class=\"isotope_item loading \"><div class=\"wrapper\"><a href=\"https:\/\/amauryfoucart.fr\/wp-content\/uploads\/2023\/04\/E\u0301chos-2-900x600-1.jpg\" class=\"lightbox\"><div class=\"img_wrap\"><div class=\"img\"><img width=\"900\" height=\"382\" src=\"https:\/\/amauryfoucart.fr\/wp-content\/uploads\/2023\/04\/E\u0301chos-2-900x600-1.jpg\" class=\"attachment-full size-full\" alt=\"\" loading=\"lazy\" srcset=\"https:\/\/amauryfoucart.fr\/wp-content\/uploads\/2023\/04\/E\u0301chos-2-900x600-1.jpg 900w, https:\/\/amauryfoucart.fr\/wp-content\/uploads\/2023\/04\/E\u0301chos-2-900x600-1-300x127.jpg 300w, https:\/\/amauryfoucart.fr\/wp-content\/uploads\/2023\/04\/E\u0301chos-2-900x600-1-768x326.jpg 768w\" sizes=\"(max-width: 900px) 100vw, 900px\" \/><\/div><\/div><\/a><\/div><\/div><div class=\"isotope_item loading \"><div class=\"wrapper\"><a href=\"https:\/\/amauryfoucart.fr\/wp-content\/uploads\/2023\/04\/E\u0301chos-1-900x600-1.jpg\" class=\"lightbox\"><div class=\"img_wrap\"><div class=\"img\"><img width=\"900\" height=\"382\" src=\"https:\/\/amauryfoucart.fr\/wp-content\/uploads\/2023\/04\/E\u0301chos-1-900x600-1.jpg\" class=\"attachment-full size-full\" alt=\"\" loading=\"lazy\" srcset=\"https:\/\/amauryfoucart.fr\/wp-content\/uploads\/2023\/04\/E\u0301chos-1-900x600-1.jpg 900w, https:\/\/amauryfoucart.fr\/wp-content\/uploads\/2023\/04\/E\u0301chos-1-900x600-1-300x127.jpg 300w, https:\/\/amauryfoucart.fr\/wp-content\/uploads\/2023\/04\/E\u0301chos-1-900x600-1-768x326.jpg 768w\" sizes=\"(max-width: 900px) 100vw, 900px\" \/><\/div><\/div><\/a><\/div><\/div><div class=\"isotope_item loading \"><div class=\"wrapper\"><a href=\"https:\/\/amauryfoucart.fr\/wp-content\/uploads\/2023\/04\/E\u0301chos-3-900x600-1.jpg\" class=\"lightbox\"><div class=\"img_wrap\"><div class=\"img\"><img width=\"900\" height=\"382\" src=\"https:\/\/amauryfoucart.fr\/wp-content\/uploads\/2023\/04\/E\u0301chos-3-900x600-1.jpg\" class=\"attachment-full size-full\" alt=\"\" loading=\"lazy\" srcset=\"https:\/\/amauryfoucart.fr\/wp-content\/uploads\/2023\/04\/E\u0301chos-3-900x600-1.jpg 900w, https:\/\/amauryfoucart.fr\/wp-content\/uploads\/2023\/04\/E\u0301chos-3-900x600-1-300x127.jpg 300w, https:\/\/amauryfoucart.fr\/wp-content\/uploads\/2023\/04\/E\u0301chos-3-900x600-1-768x326.jpg 768w\" sizes=\"(max-width: 900px) 100vw, 900px\" \/><\/div><\/div><\/a><\/div><\/div><div class=\"isotope_item loading \"><div class=\"wrapper\"><a href=\"https:\/\/amauryfoucart.fr\/wp-content\/uploads\/2023\/04\/E\u0301chos-4-900x600-1.jpg\" class=\"lightbox\"><div class=\"img_wrap\"><div class=\"img\"><img width=\"900\" height=\"382\" src=\"https:\/\/amauryfoucart.fr\/wp-content\/uploads\/2023\/04\/E\u0301chos-4-900x600-1.jpg\" class=\"attachment-full size-full\" alt=\"\" loading=\"lazy\" srcset=\"https:\/\/amauryfoucart.fr\/wp-content\/uploads\/2023\/04\/E\u0301chos-4-900x600-1.jpg 900w, https:\/\/amauryfoucart.fr\/wp-content\/uploads\/2023\/04\/E\u0301chos-4-900x600-1-300x127.jpg 300w, https:\/\/amauryfoucart.fr\/wp-content\/uploads\/2023\/04\/E\u0301chos-4-900x600-1-768x326.jpg 768w\" sizes=\"(max-width: 900px) 100vw, 900px\" \/><\/div><\/div><\/a><\/div><\/div>\t\t\t\t\t<\/div>\r\n\t\t\t\t\t\t\t\t\t<\/div>\r\n\t\t\t\t\t\t<\/div>\n\t\t\t\t<\/div>\n\t\t\t\t\t\t<\/div>\n\t\t\t\t\t<\/div>\n\t\t<\/div>\n\t\t\t\t\t\t\t\t<\/div>\n\t\t\t\t\t<\/div>\n\t\t<\/section>\n\t\t\t\t<section class=\"elementor-section elementor-top-section elementor-element elementor-element-6495249 elementor-section-boxed elementor-section-height-default elementor-section-height-default\" data-id=\"6495249\" data-element_type=\"section\">\n\t\t\t\t\t\t<div class=\"elementor-container elementor-column-gap-default\">\n\t\t\t\t\t\t\t<div class=\"elementor-row\">\n\t\t\t\t\t<div class=\"elementor-column elementor-col-16 elementor-top-column elementor-element elementor-element-9877c1d\" data-id=\"9877c1d\" data-element_type=\"column\">\n\t\t\t<div class=\"elementor-column-wrap\">\n\t\t\t\t\t\t\t<div class=\"elementor-widget-wrap\">\n\t\t\t\t\t\t\t\t<\/div>\n\t\t\t\t\t<\/div>\n\t\t<\/div>\n\t\t\t\t<div class=\"elementor-column elementor-col-66 elementor-top-column elementor-element elementor-element-585b5b4\" data-id=\"585b5b4\" data-element_type=\"column\">\n\t\t\t<div class=\"elementor-column-wrap elementor-element-populated\">\n\t\t\t\t\t\t\t<div class=\"elementor-widget-wrap\">\n\t\t\t\t\t\t<div class=\"elementor-element elementor-element-996f90b elementor-widget elementor-widget-text-editor\" data-id=\"996f90b\" data-element_type=\"widget\" data-widget_type=\"text-editor.default\">\n\t\t\t\t<div class=\"elementor-widget-container\">\n\t\t\t\t\t\t\t\t<div class=\"elementor-text-editor elementor-clearfix\">\n\t\t\t\t<p><b>Note\u00a0d<\/b><span style=\"font-weight: bold;\">&#8216;intention :<\/span><\/p><p>Qui n\u2019a pas d\u00e9j\u00e0 colport\u00e9 des rumeurs ou n\u2019a pas d\u00e9j\u00e0 souffert des non-dits dans un groupe ? \u00c0 travers diff\u00e9rentes conversations entre \u00e9tudiants en soir\u00e9e, <i>\u00c9chos<\/i> \u00e9voque les cons\u00e9quences, chez deux jeunes gens, d\u2019un ragot lanc\u00e9 au sujet de leur orientation sexuelle. En confrontant plusieurs points de vue au sein d\u2019une bande d&#8217;amis, j\u2019ai souhait\u00e9 montrer comment l\u2019homosexualit\u00e9 possible de deux gar\u00e7ons pouvait \u00eatre per\u00e7ue en soci\u00e9t\u00e9, \u00e0 une \u00e9poque o\u00f9 chaque individu est sans cesse r\u00e9duit \u00e0 la sexualit\u00e9 que l\u2019on suppose \u00eatre la sienne.<\/p>\t\t\t\t\t<\/div>\n\t\t\t\t\t\t<\/div>\n\t\t\t\t<\/div>\n\t\t\t\t\t\t<\/div>\n\t\t\t\t\t<\/div>\n\t\t<\/div>\n\t\t\t\t<div class=\"elementor-column elementor-col-16 elementor-top-column elementor-element elementor-element-a8f3a2d\" data-id=\"a8f3a2d\" data-element_type=\"column\">\n\t\t\t<div class=\"elementor-column-wrap\">\n\t\t\t\t\t\t\t<div class=\"elementor-widget-wrap\">\n\t\t\t\t\t\t\t\t<\/div>\n\t\t\t\t\t<\/div>\n\t\t<\/div>\n\t\t\t\t\t\t\t\t<\/div>\n\t\t\t\t\t<\/div>\n\t\t<\/section>\n\t\t\t\t<section class=\"elementor-section elementor-top-section elementor-element elementor-element-6230cb7 elementor-section-boxed elementor-section-height-default elementor-section-height-default\" data-id=\"6230cb7\" data-element_type=\"section\">\n\t\t\t\t\t\t<div class=\"elementor-container elementor-column-gap-default\">\n\t\t\t\t\t\t\t<div class=\"elementor-row\">\n\t\t\t\t\t<div class=\"elementor-column elementor-col-100 elementor-top-column elementor-element elementor-element-da3c0bf\" data-id=\"da3c0bf\" data-element_type=\"column\">\n\t\t\t<div class=\"elementor-column-wrap elementor-element-populated\">\n\t\t\t\t\t\t\t<div class=\"elementor-widget-wrap\">\n\t\t\t\t\t\t<div class=\"elementor-element elementor-element-660defb elementor-aspect-ratio-219 elementor-widget elementor-widget-video\" data-id=\"660defb\" data-element_type=\"widget\" data-settings=\"{&quot;video_type&quot;:&quot;vimeo&quot;,&quot;aspect_ratio&quot;:&quot;219&quot;}\" data-widget_type=\"video.default\">\n\t\t\t\t<div class=\"elementor-widget-container\">\n\t\t\t\t\t<div class=\"elementor-wrapper elementor-fit-aspect-ratio elementor-open-inline\">\n\t\t\t<iframe class=\"elementor-video-iframe\" allowfullscreen title=\"Lecteur vid\u00e9o vimeo\" src=\"https:\/\/player.vimeo.com\/video\/480876381?color=ffffff&amp;autopause=0&amp;loop=0&amp;muted=0&amp;title=0&amp;portrait=0&amp;byline=0#t=\"><\/iframe>\t\t<\/div>\n\t\t\t\t<\/div>\n\t\t\t\t<\/div>\n\t\t\t\t\t\t<\/div>\n\t\t\t\t\t<\/div>\n\t\t<\/div>\n\t\t\t\t\t\t\t\t<\/div>\n\t\t\t\t\t<\/div>\n\t\t<\/section>\n\t\t\t\t<section class=\"elementor-section elementor-top-section elementor-element elementor-element-8057722 elementor-section-boxed elementor-section-height-default elementor-section-height-default\" data-id=\"8057722\" data-element_type=\"section\">\n\t\t\t\t\t\t<div class=\"elementor-container elementor-column-gap-default\">\n\t\t\t\t\t\t\t<div class=\"elementor-row\">\n\t\t\t\t\t<div class=\"elementor-column elementor-col-16 elementor-top-column elementor-element elementor-element-d0afd3b\" data-id=\"d0afd3b\" data-element_type=\"column\">\n\t\t\t<div class=\"elementor-column-wrap\">\n\t\t\t\t\t\t\t<div class=\"elementor-widget-wrap\">\n\t\t\t\t\t\t\t\t<\/div>\n\t\t\t\t\t<\/div>\n\t\t<\/div>\n\t\t\t\t<div class=\"elementor-column elementor-col-66 elementor-top-column elementor-element elementor-element-d57f510\" data-id=\"d57f510\" data-element_type=\"column\">\n\t\t\t<div class=\"elementor-column-wrap elementor-element-populated\">\n\t\t\t\t\t\t\t<div class=\"elementor-widget-wrap\">\n\t\t\t\t\t\t<div class=\"elementor-element elementor-element-8bb0311 elementor-widget elementor-widget-text-editor\" data-id=\"8bb0311\" data-element_type=\"widget\" data-widget_type=\"text-editor.default\">\n\t\t\t\t<div class=\"elementor-widget-container\">\n\t\t\t\t\t\t\t\t<div class=\"elementor-text-editor elementor-clearfix\">\n\t\t\t\t<p><b>Liste artistique et technique :<\/b><\/p>\n<p>Avec : Simon Andrieux, Rapha\u00ebl Mingau, Sarah Delabass\u00e9, Apolline Di Girolamo, Ornella Diaz,&nbsp;<span style=\"font-weight: var( --e-global-typography-text-font-weight );\">Claire Freyermuth, Dimitri Defontaine, Maxime Licoine, Fethi Sa\u00efdi<\/span><\/p>\n<p><span style=\"font-weight: var( --e-global-typography-text-font-weight );\">Sc\u00e9nario et r\u00e9alisation : Amaury Foucart \u00b7&nbsp;<\/span><span style=\"font-weight: var( --e-global-typography-text-font-weight );\">Assistant-r\u00e9alisateur : Thomas Barbenson \u00b7&nbsp;<\/span><span style=\"font-weight: var( --e-global-typography-text-font-weight );\">Scripte : Lidwine Verbrugge<\/span><\/p>\n<p>Directeur de casting : Guillaume Leb\u00e8gue<\/p>\n<p><span style=\"font-weight: var( --e-global-typography-text-font-weight );\">Directrice de production : M\u00e9lody Duriez \u00b7 R\u00e9gisseurs : Corentin Berthet, Axel Foucart<\/span><\/p>\n<p>Directeur de la photographie : Arthur Havet \u00b7 Assistant image : Axel Villaz \u00b7&nbsp;<span style=\"font-weight: var( --e-global-typography-text-font-weight );\">Chefs d\u00e9corateurs : Juliette Catelle, Guillaume Leb\u00e8gue<\/span><\/p>\n<p>Ing\u00e9nieur du son : Philippe Collet<\/p>\n<p><span style=\"font-weight: var( --e-global-typography-text-font-weight );\">Maquilleuse : Clo\u00e9 Maxi \u00b7&nbsp;<\/span><span style=\"font-weight: var( --e-global-typography-text-font-weight );\">Consultant costumes : Lilian Navarro<\/span><\/p>\n<p>Chef monteur : Amaury Foucart, No\u00e9 Vercaemst \u00b7 Monteur son : No\u00e9 Vercaemst \u00b7 Design g\u00e9n\u00e9rique : Chlo\u00e9 Vandewalle, No\u00e9 Vercaemst \u00b7 Musique originale : Ave \u00b7 Mixage : Philippe Collet<\/p>\n<p>Une production&nbsp;<span style=\"color: #333366; font-family: var( --e-global-typography-text-font-family ), Sans-serif;\"><span style=\"font-weight: var( --e-global-typography-text-font-weight );\"><a href=\"https:\/\/www.instagram.com\/28m2_asso\/\">28m\u00b2<\/a><\/span><\/span><\/p>\n<p><i>France \u00b7 2020 \u00b7 Num\u00e9rique \u00b7 Ste\u0301re\u0301o \u00b7 2,35:1 \u00b7 Couleur \u00b7 6min<\/i><\/p>\t\t\t\t\t<\/div>\n\t\t\t\t\t\t<\/div>\n\t\t\t\t<\/div>\n\t\t\t\t\t\t<\/div>\n\t\t\t\t\t<\/div>\n\t\t<\/div>\n\t\t\t\t<div class=\"elementor-column elementor-col-16 elementor-top-column elementor-element elementor-element-f0ac3fe\" data-id=\"f0ac3fe\" data-element_type=\"column\">\n\t\t\t<div class=\"elementor-column-wrap\">\n\t\t\t\t\t\t\t<div class=\"elementor-widget-wrap\">\n\t\t\t\t\t\t\t\t<\/div>\n\t\t\t\t\t<\/div>\n\t\t<\/div>\n\t\t\t\t\t\t\t\t<\/div>\n\t\t\t\t\t<\/div>\n\t\t<\/section>\n\t\t\t\t\t\t\t\t\t<\/div>\n\t\t\t<\/div>\n\t\t\t\t\t<\/div>\n\t\t","protected":false},"excerpt":{"rendered":"<p>\u00c9chos Synopsis : Lors d\u2019une soir\u00e9e entre \u00e9tudiants, \u00e0 mesure que les invit\u00e9s se dispersent et se confient, les ragots se r\u00e9pandent au sujet d\u2019Ily\u00e8s et J\u00e9rem&#8217;, deux amis de longue date, chez qui l\u2019on suspecte une attirance amoureuse inavou\u00e9e ou non-r\u00e9ciproque. Note\u00a0d&#8216;intention : Qui n\u2019a pas d\u00e9j\u00e0 colport\u00e9 des rumeurs ou n\u2019a pas d\u00e9j\u00e0 [&hellip;]<\/p>\n","protected":false},"author":1,"featured_media":0,"parent":0,"menu_order":0,"comment_status":"closed","ping_status":"closed","template":"","meta":[],"_links":{"self":[{"href":"https:\/\/amauryfoucart.fr\/index.php?rest_route=\/wp\/v2\/pages\/1097"}],"collection":[{"href":"https:\/\/amauryfoucart.fr\/index.php?rest_route=\/wp\/v2\/pages"}],"about":[{"href":"https:\/\/amauryfoucart.fr\/index.php?rest_route=\/wp\/v2\/types\/page"}],"author":[{"embeddable":true,"href":"https:\/\/amauryfoucart.fr\/index.php?rest_route=\/wp\/v2\/users\/1"}],"replies":[{"embeddable":true,"href":"https:\/\/amauryfoucart.fr\/index.php?rest_route=%2Fwp%2Fv2%2Fcomments&post=1097"}],"version-history":[{"count":69,"href":"https:\/\/amauryfoucart.fr\/index.php?rest_route=\/wp\/v2\/pages\/1097\/revisions"}],"predecessor-version":[{"id":2451,"href":"https:\/\/amauryfoucart.fr\/index.php?rest_route=\/wp\/v2\/pages\/1097\/revisions\/2451"}],"wp:attachment":[{"href":"https:\/\/amauryfoucart.fr\/index.php?rest_route=%2Fwp%2Fv2%2Fmedia&parent=1097"}],"curies":[{"name":"wp","href":"https:\/\/api.w.org\/{rel}","templated":true}]}}